late 39 - (17 + -5) - 30.
-3
20 - (8 - (3 - 19)) - (-7 - 2)
5
What is the value of 4 - (9 + -11 + -3 + -2 + -9)?
20
(-5 - (-1 + 5 + -6)) + 9
6
What is the value of (-8 - 6) + -4 + 12?
-6
Evaluate 3 - 1 - (-1 - (-2 + -6 + 5)).
0
What is -4 + (0 - -2 - (-39 + 39)) + 14?
12
Calculate -6 - -3 - (-16 + 8).
5
What is 0 + 7 + -3 + 182 + -202?
-16
9 - (7 + -5) - ((-7 - -1) + 1)
12
Calculate -4 - (-8 + (38 - (3 + (8 - 2)))).
-25
Calculate 17 + (-2 + -8 - -22) + -19 - 46.
-36
What is 5 + -7 + (5 - -5 - -11 - -8)?
27
Evaluate 2 - (-18 - (-20 - -8)).
8
Evaluate 3 + -1 + -3 + 2 - -18.
19
What is the value of 28 - ((39 - 9) + -18)?
16
What is -25 + (-37 - -89) + -6?
21
What is the value of 11 + 0 - (-67 - -67)?
11
Calculate -36 + (-7 - (12 - 13)) + (5 - -4).
-33
Calculate -13 - (-9 + (0 - 0 - -1)).
-5
What is the value of (-3 - -24) + -28 + -3?
-10
Calculate -1 + (-1 - -2) - (4 + 10 + -7).
-7
Evaluate (-22 - (8 - -7)) + 25.
-12
(6 - -21 - 36) + (12 - -1)
4
Calculate -15 + -15 + 2 + (3 - (-1 + 4)).
-28
What is the value of -66 + 71 + 1 + 2 + (-1 - -1)?
8
Calculate -25 + 2 + (19 - 29) + (4 - -13).
-16
What is -22 + -4 + -12 + 21?
-17
Evaluate 10 - 34 - -63 - 22.
17
(-13 - (-44 - -25)) + 1 + 2 + -1
8
What is -31 + 13 + (-5 - (-8 - (1 + -11)))?
-25
Evaluate -267 + 256 + 4 + (-1 - -1).
-7
What is 5 + (4 + -14 - -18) - (0 + 0)?
13
What is 18 - (-3 + 6 - -6) - (25 - 26)?
10
Evaluate -15 + 47 + -1 - 12.
19
Calculate 25 + -21 + -6 + 0.
-2
Calculate -1 + 7 + -10 + (-8 - (10 + -5)).
-17
What is -3 - 0 - -22 - (-130 + 142)?
7
What is -6 - (5 + -7 + 9 + 9)?
-22
Evaluate (18 - 34) + 0 + 14.
-2
Evaluate (-10 + 5 - (-11 + 4)) + (-16 - -2).
-12
What is the value of 14 + (-5 - 7) - (0 + 5)?
-3
What is -5 + -7 + (17 - 11)?
-6
What is the value of (82 - 44) + -56 + -2 + 11?
-9
Calculate 2 + (9 - (-7 + 15)) + 1.
4
Calculate 93 + -73 + (-9 - -2) + -11 + 0.
2
Calculate -1 + (2 - -12) + -8.
5
Calculate -7 + (1 - -1) - (-305 - -296).
4
-40 - (-34 - -24) - (2 + -9)
-23
What is 12 + (-16 - -13) - 10?
-1
Evaluate (-22 - -28) + -6 + -6.
-6
What is (-11 - (9 - 26)) + 21 + -4 + 0?
23
Evaluate 436 - 437 - ((1 - 0) + -7) - 0.
5
-68 + 82 + (2 + -8 - (-14 - -10))
12
What is the value of -15 + 24 - (-16 + 30)?
-5
6 + -30 - (1 - 3 - 5)
-17
9 + -23 + -5 - (-5 - 6)
-8
-30 + (21 + -18 - -18)
-9
What is the value of -35 - (24 - 37 - 3)?
-19
What is the value of -10 + (17 - 13 - 7) + 11?
-2
-26 + (28 - 32) + 18
-12
What is the value of -5 - (-12 - (19 + (6 - 13)))?
19
What is -13 + 22 + -23 - (-20 + 6)?
0
What is the value of 3 + (2 + -3 - (12 - 8 - 0))?
-2
Calculate 13 - (7 + 15 - 21).
12
Evaluate -2 - (2 + 1) - (-87 + 83).
-1
What is -12 - (29 + -21 - 10)?
-10
Evaluate -7 + 0 - ((-12 - 3 - -11) + 6).
-9
What is the value of -6 + 7 + (-22 + -2 - -13)?
-10
Calculate -1 + (7 - (-5 - -10) - -14) - 0.
15
What is the value of -61 + 50 - (-1 - (3 - 5) - 1)?
-11
What is 0 + (4 - -1 - (21 + -36 + 10))?
10
What is the value of -13 + (11 - 25 - -38)?
11
Calculate (-4 - (13 + -40)) + -15.
8
What is -29 - (-42 + 22 - -3)?
-12
-5 + (2 - (-1 + -1 - (14 + -18)))
-5
What is the value of -14 - ((0 - -2) + -17 + (19 - 9))?
-9
What is 0 - -7 - 1 - (-81 + 90 + 13)?
-16
Evaluate (23 + -25 - -19) + -22 - (1 - 28).
22
Calculate -1 - (2 + -15 + (4 - -2)).
6
Evaluate -18 + (24 - 14) + 5.
-3
Evaluate -7 - (12 + -20 + -10).
11
What is the value of (35 - 30) + (-2 - (0 + 4)) + -9?
-10
What is 3 - (-21 - -13 - -9)?
2
Calculate (12 - 17) + -3 + 1 + -4.
-11
-10 + (77 - 63 - (-2 - 6)) + -6
6
Evaluate (25 - -1) + -14 - 14.
-2
Calculate -20 + 4 - (-32 + 31).
-15
What is the value of (1 - 0) + 3 - (4 - (0 + 10))?
10
-64 + 60 - (1 - (-2 + 11))
4
What is 5 - ((-4 - -7) + -7 + 3)?
6
32 - 39 - (-2 - 3 - 0 - -5)
-7
(-13 - 0) + -342 + 346
-9
What is the value of (22 - 49 - -10) + -7?
-24
(-80 - -70) + -1 + 3
-8
Evaluate -66 - (34 + -32 + -33).
-35
What is the value of (-5 - 23) + (4 - -4) + 1 + -3?
-22
-14 + (7 - -2) + 14
9
Evaluate (-1 - -13) + -20 + 9.
1
What is -8 + 14 + (0 - 4)?
2
-39 + 16 + 17 + -3
-9
Calculate -6 + (-2 - -1 - -21) + -6.
8
(-8 - 19) + 24 - (0 + -9)
6
-17 + (-12 - (12 + -43))
2
What is the value of 12 + (3 - (32 - 13)) - 2?
-6
What is the value of 4 - (7 - 0) - -1 - (88 - 79)?
-11
What is the value of -12 - ((-27 - 1) + 98 + -116)?
34
What is the value of (7 - -5) + 1 + (-4 + -11 - -11)?
9
(0 - 5) + (-8 + 7 - (-48 - -19))
23
Evaluate -17 + (5 + -7 + 11 - 2).
-10
Evaluate (-3 + -8 - -3) + 11 + -4.
-1
3 - 94 - -88 - ((11 - 1) + 1)
-14
Evaluate (0 - (1 + -12)) + (309 - 332).
-12
What is the value of -53 + 49 + 1 + 1?
-2
What is the value of 0 - ((-133 - -140) + (0 - (0 - -6)))?
-1
What is -5 - -3 - 13 - (-36 - -36)?
-15
What is (6 - 0) + (29 + 28 - 55)?
8
-12 + 3 + 9 - ((-33 - -4) + -5)
34
What is the value of -9 + (-8 + -8 + 15 - 0)?
-10
Calculate -11 - -14 - (15 - (13 - 5)).
-4
Evaluate -6 + 8 + -15 - (-15 - -1).
1
Evaluate 9 + (-7 - (5 - -2)) - 4.
-9
-10 - 0 - (-10 - (-26 + 17))
-9
Calculate 19 + -1 + -2 - 10.
6
What is the value of 62 + 2 + 1039 + -1071?
32
(-2 + -9 - -4) + (16 - 3 - 4)
2
What is the value of 9 - (32 + -12 + 3)?
-14
Evaluate 6 - -2 - (7 - (-1 + 16)).
16
What is 1 + (1 - -18) - (-10 + 4) - 8?
18
What is the value of (-5 - (10 - 5)) + (18 - (10 + 25))?
-27
What is -31 + 41 + (-4 - -26)?
32
What is -70 - (-12 - 9) - -38?
-11
-19 + 1 + 16 + -1
-3
What is the value of 0 + 2 - (12 + 0 + -23)?
13
-9 + -3 + (2 - 2) - (-461 - -453)
-4
Calculate 92 + -78 - (-22 - 2).
38
Calculate 11 - (12 - 28) - 22.
5
Calculate 0 + (-6 - (-1 + 0)) - (611 - 613).
-3
1 + -11 + (-260 - -260)
-10
Calculate (-11 - (0 - 0)) + (-24 - -9) + 22.
-4
Calculate (1 - 0) + 8 + (-52 - -39) - -7.
3
7 + 17 - (55 + -33)
2
What is -15 + (-12 - -52 - 12)?
13
0 - (-2 + -1 - (-7 - (1 + -1)))
-4
(2 + -7 - 15) + 13 + -12
-19
1 + 6 + -8 + -4 - 13
-18
Calculate 20 - (9 - -3) - 16.
-8
-8 - (5 + -26 + -3)
16
-7 + ((-1 - 6) + (29 - 21) - -19)
13
-23 + -5 + 20 - -26
18
0 + ((1 - 8) + 0 + -6 - -5)
-8
What is the value of (-32 - -23 - 1) + -4 + 2?
-12
Calculate -9 - ((-5 - -4) + (3 - (0 - 1))).
-12
Calculate (-5 - (1 + -9)) + -2.
1
Calculate (-8 - (4 - 16)) + 10.
14
Evaluate -1 + -9 - (-9 + (-7 - 4)).
10
Calculate -203 + 217 + (4 + -1 - 45).
-28
What is 85 + -128 - (-13 + -1 + -2)?
-27
135 - 136 - (-3 + 7 - -4)
-9
Calculate 14 + -3 + (6 + -3 - -1) + -2.
13
What is the value of (-439 - -442) + 1 + (-7 - (0 + 2))?
-5
Evaluate -7 + 14 + -7 - 5.
-5
Calculate -4747 - -4770 - (1 + 0 - (6 + -3)).
25
What is (-5 - -2 - (-7 + 1) - 3) + 9?
9
(-4 - (-10 + 4) - 15) + 3
-10
What is the value of 6 + (-1 - 0 - (103 - 107))?
9
Calculate 26 - (-19 + 33 + 11).
1
What is -20 + -5 + (8 - 5) + -3 + 0?
-25
Calculate 5 - ((-49 - -6) + 30).
18
Evaluate 1 - 3 - (-38 + 39) - -6.
3
Evaluate 11 - (14 - (-3 - -10) - 2).
6
Evaluate (-7 - (-2 + 4)) + -4 + (-28 - -21).
-20
What is 2 + -2 + -3 + 5 + -4 + -6?
-8
What is (-45 - -1) + (60 - (-17 + 59))?
-26
What is 3 - (-9 - 3 - -58 - 9)?
-34
Evaluate 0 - -2 - -7 - (-74 + 79).
4
Calculate (1 - 1) + (403 - 421).
-18
Calculate 9 - (5 - (4 - 6)) - 12.
-10
What is (-2 - -10) + (23 - 4) + -11 - 5?
11
Calculate (-1 - -3) + -19 + 19 + 0.
2
What is 6 + (0 - (1 + 0 + -1))?
6
-58 - (5 - (48 - 20)) - (-1 + -1)
-33
Calculate 6 + -8 + 0 + (0 - (-4 - -2)).
0
Evaluate (3 - (-2 + 10)) + 16 + -1.
10
Calculate (-1 - 2) + (62 - 63) - (-22 + 0).
18
What is the value of 3 - (3 - -3 - (-12 - -5) - 6)?
-4
Calculate 10 - 3 - (-5 + -14 + 3 + 22).
1
(-17 - -6 - -8) + (-2 - -3) + 6
4
-82 + 89 - (-2 - 2)
11
What is the value of 0 - 10 - (-19 + 4 - (-2 - 6))?
-3
Calculate (4 + 2 - -1) + (-23 - -4 - -23).
11
Calculate -13 - (3 - 9) - -15.
8
(20 + -17 - 8) + (-10 - -1)
-14
What is 14 - (15 - (-5 + 2))?
-4
Evaluate -2 + -1 + (-5 - (3 + 6)).
-17
Calculate 33 - 26 - (1 - -3) - 8 - -7.
2
Evaluate 7 + (6 + -5 - (-1 + 1 - 0)).
8
What is 9 - 1 - (-1 - (13 - 9))?
13
What is the value of 16 + (4 - -8 - 21)?
7
What is 11 + (-16 + 12 - -8) - 5?
10
Evaluate (4 - 1) + (-1 - 0 - -1).
3
What is -489 + 488 - (0 - -2)?
-3
22 - (-8 + 45 - 6)
-9
Evaluate -9 - (-14 - (-2 - 1) - (54 + -61)).
-5
Calculate 1 - 4 - -1 - (3 - (-4 - 0)).
-9
0 - -9 - (14 - (-15 - (-32 - -12)))
0
27 + -34 - (-5 + 0 + -3)
1
Calculate 236 + -230 + 3 + (-11 - -3).
1
-6 + 3 - 8 - (-92 - (-1 + -47))
33
What is the v